{"id":22890,"date":"2022-06-20T08:07:21","date_gmt":"2022-06-20T13:07:21","guid":{"rendered":"https:\/\/comfanorte.com.co\/index\/?page_id=22890"},"modified":"2023-03-15T14:03:48","modified_gmt":"2023-03-15T19:03:48","slug":"gestion-ambiental","status":"publish","type":"page","link":"https:\/\/comfanorte.com.co\/index\/gestion-ambiental\/","title":{"rendered":"gestion ambiental"},"content":{"rendered":"\t\t<div data-elementor-type=\"wp-page\" data-elementor-id=\"22890\" class=\"elementor elementor-22890\" data-elementor-post-type=\"page\">\n\t\t\t\t\t\t\t<div class=\"elementor-element elementor-element-0995cea e-flex e-con-boxed e-con\" data-id=\"0995cea\" data-element_type=\"container\" data-settings=\"{&quot;content_width&quot;:&quot;boxed&quot;}\">\n\t\t\t\t\t<div class=\"e-con-inner\">\n\t\t<div class=\"elementor-element elementor-element-95cf6dc e-con-full e-flex e-con\" data-id=\"95cf6dc\" data-element_type=\"container\" data-settings=\"{&quot;content_width&quot;:&quot;full&quot;}\">\n\t\t\t\t<div class=\"elementor-element elementor-element-d462dc9 elementor-widget elementor-widget-heading\" data-id=\"d462dc9\" data-element_type=\"widget\" data-widget_type=\"heading.default\">\n\t\t\t\t<div class=\"elementor-widget-container\">\n\t\t\t<style>\/*! elementor - v3.14.0 - 26-06-2023 *\/\n.elementor-heading-title{padding:0;margin:0;line-height:1}.elementor-widget-heading .elementor-heading-title[class*=elementor-size-]>a{color:inherit;font-size:inherit;line-height:inherit}.elementor-widget-heading .elementor-heading-title.elementor-size-small{font-size:15px}.elementor-widget-heading .elementor-heading-title.elementor-size-medium{font-size:19px}.elementor-widget-heading .elementor-heading-title.elementor-size-large{font-size:29px}.elementor-widget-heading .elementor-heading-title.elementor-size-xl{font-size:39px}.elementor-widget-heading .elementor-heading-title.elementor-size-xxl{font-size:59px}<\/style><h1 class=\"elementor-heading-title elementor-size-default\">Pol\u00edtica Sistema de Gesti\u00f3n Ambiental<\/h1>\t\t<\/div>\n\t\t\t\t<\/div>\n\t\t\t\t<\/div>\n\t\t<div class=\"elementor-element elementor-element-3480aee e-con-full e-flex e-con\" data-id=\"3480aee\" data-element_type=\"container\" data-settings=\"{&quot;content_width&quot;:&quot;full&quot;}\">\n\t\t\t\t<div class=\"elementor-element elementor-element-9c6398f elementor-widget elementor-widget-image\" data-id=\"9c6398f\" data-element_type=\"widget\" data-widget_type=\"image.default\">\n\t\t\t\t<div class=\"elementor-widget-container\">\n\t\t\t<style>\/*! elementor - v3.14.0 - 26-06-2023 *\/\n.elementor-widget-image{text-align:center}.elementor-widget-image a{display:inline-block}.elementor-widget-image a img[src$=\".svg\"]{width:48px}.elementor-widget-image img{vertical-align:middle;display:inline-block}<\/style>\t\t\t\t\t\t\t\t\t\t\t\t\t<a href=\"https:\/\/comfanorte.com.co\/index\/wp-content\/uploads\/2023\/03\/CAJA_DE_COMPENSACION_FAMILIAR_DE_NORTE_DE_SANTANDER_-_COMFANORTE_14001.pdf\" target=\"_blank\">\n\t\t\t\t\t\t\t<img loading=\"lazy\" decoding=\"async\" width=\"204\" height=\"300\" src=\"https:\/\/comfanorte.com.co\/index\/wp-content\/uploads\/2023\/03\/iso14001-204x300.png\" class=\"elementor-animation-grow attachment-medium size-medium wp-image-36333\" alt=\"Certificaci\u00f3n ICONTEC ISO 14001\" srcset=\"https:\/\/comfanorte.com.co\/index\/wp-content\/uploads\/2023\/03\/iso14001-204x300.png 204w, https:\/\/comfanorte.com.co\/index\/wp-content\/uploads\/2023\/03\/iso14001.png 527w\" sizes=\"(max-width: 34.9rem) calc(100vw - 2rem), (max-width: 53rem) calc(8 * (100vw \/ 12)), (min-width: 53rem) calc(6 * (100vw \/ 12)), 100vw\" \/>\t\t\t\t\t\t\t\t<\/a>\n\t\t\t\t\t\t\t\t\t\t\t\t\t\t\t<\/div>\n\t\t\t\t<\/div>\n\t\t\t\t<div class=\"elementor-element elementor-element-6978a58 e-transform elementor-widget elementor-widget-heading\" data-id=\"6978a58\" data-element_type=\"widget\" data-settings=\"{&quot;_transform_scale_effect_hover&quot;:{&quot;unit&quot;:&quot;px&quot;,&quot;size&quot;:1.100000000000000088817841970012523233890533447265625,&quot;sizes&quot;:[]},&quot;_transform_scale_effect_hover_mobile&quot;:{&quot;unit&quot;:&quot;px&quot;,&quot;size&quot;:1.100000000000000088817841970012523233890533447265625,&quot;sizes&quot;:[]},&quot;_transform_scale_effect_hover_tablet&quot;:{&quot;unit&quot;:&quot;px&quot;,&quot;size&quot;:&quot;&quot;,&quot;sizes&quot;:[]}}\" data-widget_type=\"heading.default\">\n\t\t\t\t<div class=\"elementor-widget-container\">\n\t\t\t<h2 class=\"elementor-heading-title elementor-size-default\"><a href=\"https:\/\/comfanorte.com.co\/index\/wp-content\/uploads\/2023\/03\/CAJA_DE_COMPENSACION_FAMILIAR_DE_NORTE_DE_SANTANDER_-_COMFANORTE_14001.pdf\" target=\"_blank\">Ver Certificaci\u00f3n ICONTEC<\/a><\/h2>\t\t<\/div>\n\t\t\t\t<\/div>\n\t\t\t\t<\/div>\n\t\t\t\t\t<\/div>\n\t\t\t\t<\/div>\n\t\t<div class=\"elementor-element elementor-element-1fce98c e-flex e-con-boxed e-con\" data-id=\"1fce98c\" data-element_type=\"container\" data-settings=\"{&quot;content_width&quot;:&quot;boxed&quot;}\">\n\t\t\t\t\t<div class=\"e-con-inner\">\n\t\t<div class=\"elementor-element elementor-element-eb226b2 e-con-full e-flex e-con\" data-id=\"eb226b2\" data-element_type=\"container\" data-settings=\"{&quot;content_width&quot;:&quot;full&quot;,&quot;background_background&quot;:&quot;classic&quot;}\">\n\t\t\t\t<div class=\"elementor-element elementor-element-62966b4 elementor-widget elementor-widget-image\" data-id=\"62966b4\" data-element_type=\"widget\" data-widget_type=\"image.default\">\n\t\t\t\t<div class=\"elementor-widget-container\">\n\t\t\t\t\t\t\t\t\t\t\t\t\t\t\t<img loading=\"lazy\" decoding=\"async\" width=\"250\" height=\"300\" src=\"https:\/\/comfanorte.com.co\/index\/wp-content\/uploads\/2022\/06\/Un-Global-Compact-250x300.png\" class=\"attachment-medium size-medium wp-image-22895\" alt=\"\" srcset=\"https:\/\/comfanorte.com.co\/index\/wp-content\/uploads\/2022\/06\/Un-Global-Compact-250x300.png 250w, https:\/\/comfanorte.com.co\/index\/wp-content\/uploads\/2022\/06\/Un-Global-Compact.png 500w\" sizes=\"(max-width: 34.9rem) calc(100vw - 2rem), (max-width: 53rem) calc(8 * (100vw \/ 12)), (min-width: 53rem) calc(6 * (100vw \/ 12)), 100vw\" \/>\t\t\t\t\t\t\t\t\t\t\t\t\t\t\t<\/div>\n\t\t\t\t<\/div>\n\t\t\t\t<\/div>\n\t\t<div class=\"elementor-element elementor-element-c196ae6 e-con-full e-flex e-con\" data-id=\"c196ae6\" data-element_type=\"container\" data-settings=\"{&quot;content_width&quot;:&quot;full&quot;}\">\n\t\t\t\t<div class=\"elementor-element elementor-element-c0d2361 elementor-widget elementor-widget-text-editor\" data-id=\"c0d2361\" data-element_type=\"widget\" data-widget_type=\"text-editor.default\">\n\t\t\t\t<div class=\"elementor-widget-container\">\n\t\t\t<style>\/*! elementor - v3.14.0 - 26-06-2023 *\/\n.elementor-widget-text-editor.elementor-drop-cap-view-stacked .elementor-drop-cap{background-color:#69727d;color:#fff}.elementor-widget-text-editor.elementor-drop-cap-view-framed .elementor-drop-cap{color:#69727d;border:3px solid;background-color:transparent}.elementor-widget-text-editor:not(.elementor-drop-cap-view-default) .elementor-drop-cap{margin-top:8px}.elementor-widget-text-editor:not(.elementor-drop-cap-view-default) .elementor-drop-cap-letter{width:1em;height:1em}.elementor-widget-text-editor .elementor-drop-cap{float:left;text-align:center;line-height:1;font-size:50px}.elementor-widget-text-editor .elementor-drop-cap-letter{display:inline-block}<\/style>\t\t\t\t<p>La Caja de Compensaci\u00f3n Familiar del Norte de Santander\u00a0COMFANORTE:<\/p><p>Entidad privada, sin \u00e1nimo de lucro, de redistribuci\u00f3n econ\u00f3mica y naturaleza solidaria, creada para mejorar la calidad de vida de las familias de los trabajadores del Norte de Santander se compromete a realizar y desarrollar sus procesos y actividades, dentro de\u00a0 un marco de protecci\u00f3n del medio ambiente y la prevenci\u00f3n de la contaminaci\u00f3n, en cumplimiento con la legislaci\u00f3n vigente y otros requisitos que la organizaci\u00f3n considere necesarios para tal fin.<\/p><p>Para lograr este compromiso promovemos y fomentamos la competencia y toma de conciencia de nuestro personal sobre la importancia del impacto de sus actividades en el medio ambiente; motiv\u00e1ndolos a identificar, informar y controlar los aspectos ambientales que de ellas se derivan, utilizando racionalmente los recursos, minimizando los consumos de agua, papel y energ\u00eda; reduciendo la generaci\u00f3n de residuos s\u00f3lidos; favoreciendo el reciclado y buscando soluciones eco-eficientes; con un compromiso con la mejora continua del Sistema de Gesti\u00f3n Ambiental y en b\u00fasqueda de un mejor desempe\u00f1o ambiental de la Corporaci\u00f3n.<\/p><p>Aprobado mediante Acta de Consejo Directivo No. 1010 del veintiocho (28) de abril de 2016 en el Municipio de San Jos\u00e9 de C\u00facuta.<\/p>\t\t\t\t\t\t<\/div>\n\t\t\t\t<\/div>\n\t\t\t\t<\/div>\n\t\t\t\t\t<\/div>\n\t\t\t\t<\/div>\n\t\t\t\t\t\t\t<\/div>\n\t\t","protected":false},"excerpt":{"rendered":"<p>Pol\u00edtica Sistema de Gesti\u00f3n Ambiental Ver Certificaci\u00f3n ICONTEC La Caja de Compensaci\u00f3n Familiar del Norte de Santander\u00a0COMFANORTE: Entidad privada, sin \u00e1nimo de lucro, de redistribuci\u00f3n econ\u00f3mica y naturaleza solidaria, creada para mejorar la calidad de vida de las familias de los trabajadores del Norte de Santander se compromete a realizar y desarrollar sus procesos y &hellip; <\/p>\n<p class=\"link-more\"><a href=\"https:\/\/comfanorte.com.co\/index\/gestion-ambiental\/\" class=\"more-link\">Sigue leyendo<span class=\"screen-reader-text\"> \u00abgestion ambiental\u00bb<\/span><\/a><\/p>\n","protected":false},"author":1,"featured_media":0,"parent":0,"menu_order":0,"comment_status":"closed","ping_status":"closed","template":"elementor_header_footer","meta":{"footnotes":""},"yoast_head":"<!-- This site is optimized with the Yoast SEO Premium plugin v18.4 (Yoast SEO v20.10) - https:\/\/yoast.com\/wordpress\/plugins\/seo\/ -->\n<title>gestion ambiental - Comfanorte<\/title>\n<meta name=\"robots\" content=\"index, follow, max-snippet:-1, max-image-preview:large, max-video-preview:-1\" \/>\n<link rel=\"canonical\" href=\"https:\/\/comfanorte.com.co\/index\/gestion-ambiental\/\" \/>\n<meta property=\"og:locale\" content=\"es_ES\" \/>\n<meta property=\"og:type\" content=\"article\" \/>\n<meta property=\"og:title\" content=\"gestion ambiental\" \/>\n<meta property=\"og:description\" content=\"Pol\u00edtica Sistema de Gesti\u00f3n Ambiental Ver Certificaci\u00f3n ICONTEC La Caja de Compensaci\u00f3n Familiar del Norte de Santander\u00a0COMFANORTE: Entidad privada, sin \u00e1nimo de lucro, de redistribuci\u00f3n econ\u00f3mica y naturaleza solidaria, creada para mejorar la calidad de vida de las familias de los trabajadores del Norte de Santander se compromete a realizar y desarrollar sus procesos y &hellip; Sigue leyendo \u00abgestion ambiental\u00bb\" \/>\n<meta property=\"og:url\" content=\"https:\/\/comfanorte.com.co\/index\/gestion-ambiental\/\" \/>\n<meta property=\"og:site_name\" content=\"Comfanorte\" \/>\n<meta property=\"article:modified_time\" content=\"2023-03-15T19:03:48+00:00\" \/>\n<meta property=\"og:image\" content=\"https:\/\/comfanorte.com.co\/index\/wp-content\/uploads\/2023\/03\/iso14001-204x300.png\" \/>\n<meta name=\"twitter:card\" content=\"summary_large_image\" \/>\n<meta name=\"twitter:label1\" content=\"Tiempo estimado de lectura\" \/>\n\t<meta name=\"twitter:data1\" content=\"2 minutos\" \/>\n<script type=\"application\/ld+json\" class=\"yoast-schema-graph\">{\"@context\":\"https:\/\/schema.org\",\"@graph\":[{\"@type\":\"WebPage\",\"@id\":\"https:\/\/comfanorte.com.co\/index\/gestion-ambiental\/\",\"url\":\"https:\/\/comfanorte.com.co\/index\/gestion-ambiental\/\",\"name\":\"gestion ambiental - Comfanorte\",\"isPartOf\":{\"@id\":\"https:\/\/comfanorte.com.co\/index\/#website\"},\"datePublished\":\"2022-06-20T13:07:21+00:00\",\"dateModified\":\"2023-03-15T19:03:48+00:00\",\"breadcrumb\":{\"@id\":\"https:\/\/comfanorte.com.co\/index\/gestion-ambiental\/#breadcrumb\"},\"inLanguage\":\"es-CO\",\"potentialAction\":[{\"@type\":\"ReadAction\",\"target\":[\"https:\/\/comfanorte.com.co\/index\/gestion-ambiental\/\"]}]},{\"@type\":\"BreadcrumbList\",\"@id\":\"https:\/\/comfanorte.com.co\/index\/gestion-ambiental\/#breadcrumb\",\"itemListElement\":[{\"@type\":\"ListItem\",\"position\":1,\"name\":\"Home\",\"item\":\"https:\/\/comfanorte.com.co\/index\/\"},{\"@type\":\"ListItem\",\"position\":2,\"name\":\"gestion ambiental\"}]},{\"@type\":\"WebSite\",\"@id\":\"https:\/\/comfanorte.com.co\/index\/#website\",\"url\":\"https:\/\/comfanorte.com.co\/index\/\",\"name\":\"Comfanorte\",\"description\":\"Sitio oficial de la Caja de Compensaci\u00f3n Familiar de Norte de Santander\",\"publisher\":{\"@id\":\"https:\/\/comfanorte.com.co\/index\/#organization\"},\"potentialAction\":[{\"@type\":\"SearchAction\",\"target\":{\"@type\":\"EntryPoint\",\"urlTemplate\":\"https:\/\/comfanorte.com.co\/index\/?s={search_term_string}\"},\"query-input\":\"required name=search_term_string\"}],\"inLanguage\":\"es-CO\"},{\"@type\":\"Organization\",\"@id\":\"https:\/\/comfanorte.com.co\/index\/#organization\",\"name\":\"Comfanorte\",\"url\":\"https:\/\/comfanorte.com.co\/index\/\",\"logo\":{\"@type\":\"ImageObject\",\"inLanguage\":\"es-CO\",\"@id\":\"https:\/\/comfanorte.com.co\/index\/#\/schema\/logo\/image\/\",\"url\":\"https:\/\/comfanorte.com.co\/index\/wp-content\/uploads\/2020\/05\/LogoWebsite-300x80-1.png\",\"contentUrl\":\"https:\/\/comfanorte.com.co\/index\/wp-content\/uploads\/2020\/05\/LogoWebsite-300x80-1.png\",\"width\":300,\"height\":80,\"caption\":\"Comfanorte\"},\"image\":{\"@id\":\"https:\/\/comfanorte.com.co\/index\/#\/schema\/logo\/image\/\"}}]}<\/script>\n<!-- \/ Yoast SEO Premium plugin. -->","yoast_head_json":{"title":"gestion ambiental - Comfanorte","robots":{"index":"index","follow":"follow","max-snippet":"max-snippet:-1","max-image-preview":"max-image-preview:large","max-video-preview":"max-video-preview:-1"},"canonical":"https:\/\/comfanorte.com.co\/index\/gestion-ambiental\/","og_locale":"es_ES","og_type":"article","og_title":"gestion ambiental","og_description":"Pol\u00edtica Sistema de Gesti\u00f3n Ambiental Ver Certificaci\u00f3n ICONTEC La Caja de Compensaci\u00f3n Familiar del Norte de Santander\u00a0COMFANORTE: Entidad privada, sin \u00e1nimo de lucro, de redistribuci\u00f3n econ\u00f3mica y naturaleza solidaria, creada para mejorar la calidad de vida de las familias de los trabajadores del Norte de Santander se compromete a realizar y desarrollar sus procesos y &hellip; Sigue leyendo \u00abgestion ambiental\u00bb","og_url":"https:\/\/comfanorte.com.co\/index\/gestion-ambiental\/","og_site_name":"Comfanorte","article_modified_time":"2023-03-15T19:03:48+00:00","og_image":[{"url":"https:\/\/comfanorte.com.co\/index\/wp-content\/uploads\/2023\/03\/iso14001-204x300.png"}],"twitter_card":"summary_large_image","twitter_misc":{"Tiempo estimado de lectura":"2 minutos"},"schema":{"@context":"https:\/\/schema.org","@graph":[{"@type":"WebPage","@id":"https:\/\/comfanorte.com.co\/index\/gestion-ambiental\/","url":"https:\/\/comfanorte.com.co\/index\/gestion-ambiental\/","name":"gestion ambiental - Comfanorte","isPartOf":{"@id":"https:\/\/comfanorte.com.co\/index\/#website"},"datePublished":"2022-06-20T13:07:21+00:00","dateModified":"2023-03-15T19:03:48+00:00","breadcrumb":{"@id":"https:\/\/comfanorte.com.co\/index\/gestion-ambiental\/#breadcrumb"},"inLanguage":"es-CO","potentialAction":[{"@type":"ReadAction","target":["https:\/\/comfanorte.com.co\/index\/gestion-ambiental\/"]}]},{"@type":"BreadcrumbList","@id":"https:\/\/comfanorte.com.co\/index\/gestion-ambiental\/#breadcrumb","itemListElement":[{"@type":"ListItem","position":1,"name":"Home","item":"https:\/\/comfanorte.com.co\/index\/"},{"@type":"ListItem","position":2,"name":"gestion ambiental"}]},{"@type":"WebSite","@id":"https:\/\/comfanorte.com.co\/index\/#website","url":"https:\/\/comfanorte.com.co\/index\/","name":"Comfanorte","description":"Sitio oficial de la Caja de Compensaci\u00f3n Familiar de Norte de Santander","publisher":{"@id":"https:\/\/comfanorte.com.co\/index\/#organization"},"potentialAction":[{"@type":"SearchAction","target":{"@type":"EntryPoint","urlTemplate":"https:\/\/comfanorte.com.co\/index\/?s={search_term_string}"},"query-input":"required name=search_term_string"}],"inLanguage":"es-CO"},{"@type":"Organization","@id":"https:\/\/comfanorte.com.co\/index\/#organization","name":"Comfanorte","url":"https:\/\/comfanorte.com.co\/index\/","logo":{"@type":"ImageObject","inLanguage":"es-CO","@id":"https:\/\/comfanorte.com.co\/index\/#\/schema\/logo\/image\/","url":"https:\/\/comfanorte.com.co\/index\/wp-content\/uploads\/2020\/05\/LogoWebsite-300x80-1.png","contentUrl":"https:\/\/comfanorte.com.co\/index\/wp-content\/uploads\/2020\/05\/LogoWebsite-300x80-1.png","width":300,"height":80,"caption":"Comfanorte"},"image":{"@id":"https:\/\/comfanorte.com.co\/index\/#\/schema\/logo\/image\/"}}]}},"_links":{"self":[{"href":"https:\/\/comfanorte.com.co\/index\/wp-json\/wp\/v2\/pages\/22890"}],"collection":[{"href":"https:\/\/comfanorte.com.co\/index\/wp-json\/wp\/v2\/pages"}],"about":[{"href":"https:\/\/comfanorte.com.co\/index\/wp-json\/wp\/v2\/types\/page"}],"author":[{"embeddable":true,"href":"https:\/\/comfanorte.com.co\/index\/wp-json\/wp\/v2\/users\/1"}],"replies":[{"embeddable":true,"href":"https:\/\/comfanorte.com.co\/index\/wp-json\/wp\/v2\/comments?post=22890"}],"version-history":[{"count":19,"href":"https:\/\/comfanorte.com.co\/index\/wp-json\/wp\/v2\/pages\/22890\/revisions"}],"predecessor-version":[{"id":36354,"href":"https:\/\/comfanorte.com.co\/index\/wp-json\/wp\/v2\/pages\/22890\/revisions\/36354"}],"wp:attachment":[{"href":"https:\/\/comfanorte.com.co\/index\/wp-json\/wp\/v2\/media?parent=22890"}],"curies":[{"name":"wp","href":"https:\/\/api.w.org\/{rel}","templated":true}]}}