{"id":24047,"date":"2022-09-28T16:11:06","date_gmt":"2022-09-28T21:11:06","guid":{"rendered":"https:\/\/comfanorte.com.co\/index\/?page_id=24047"},"modified":"2022-10-12T15:43:44","modified_gmt":"2022-10-12T20:43:44","slug":"directorio-entidades","status":"publish","type":"page","link":"https:\/\/comfanorte.com.co\/index\/directorio-entidades\/","title":{"rendered":"Directorio de entidades"},"content":{"rendered":"\t\t<div data-elementor-type=\"wp-page\" data-elementor-id=\"24047\" class=\"elementor elementor-24047\" data-elementor-post-type=\"page\">\n\t\t\t\t\t\t\t<div class=\"elementor-element elementor-element-f059618 e-flex e-con-boxed e-con\" data-id=\"f059618\" data-element_type=\"container\" data-settings=\"{&quot;content_width&quot;:&quot;boxed&quot;}\">\n\t\t\t\t\t<div class=\"e-con-inner\">\n\t\t\t\t<div class=\"elementor-element elementor-element-eda1786 elementor-widget elementor-widget-spacer\" data-id=\"eda1786\" data-element_type=\"widget\" data-widget_type=\"spacer.default\">\n\t\t\t\t<div class=\"elementor-widget-container\">\n\t\t\t<style>\/*! elementor - v3.14.0 - 26-06-2023 *\/\n.elementor-column .elementor-spacer-inner{height:var(--spacer-size)}.e-con{--container-widget-width:100%}.e-con-inner>.elementor-widget-spacer,.e-con>.elementor-widget-spacer{width:var(--container-widget-width,var(--spacer-size));--align-self:var(--container-widget-align-self,initial);--flex-shrink:0}.e-con-inner>.elementor-widget-spacer>.elementor-widget-container,.e-con-inner>.elementor-widget-spacer>.elementor-widget-container>.elementor-spacer,.e-con>.elementor-widget-spacer>.elementor-widget-container,.e-con>.elementor-widget-spacer>.elementor-widget-container>.elementor-spacer{height:100%}.e-con-inner>.elementor-widget-spacer>.elementor-widget-container>.elementor-spacer>.elementor-spacer-inner,.e-con>.elementor-widget-spacer>.elementor-widget-container>.elementor-spacer>.elementor-spacer-inner{height:var(--container-widget-height,var(--spacer-size))}<\/style>\t\t<div class=\"elementor-spacer\">\n\t\t\t<div class=\"elementor-spacer-inner\"><\/div>\n\t\t<\/div>\n\t\t\t\t<\/div>\n\t\t\t\t<\/div>\n\t\t\t\t<div class=\"elementor-element elementor-element-9e7a02a elementor-widget elementor-widget-heading\" data-id=\"9e7a02a\" data-element_type=\"widget\" data-widget_type=\"heading.default\">\n\t\t\t\t<div class=\"elementor-widget-container\">\n\t\t\t<style>\/*! elementor - v3.14.0 - 26-06-2023 *\/\n.elementor-heading-title{padding:0;margin:0;line-height:1}.elementor-widget-heading .elementor-heading-title[class*=elementor-size-]>a{color:inherit;font-size:inherit;line-height:inherit}.elementor-widget-heading .elementor-heading-title.elementor-size-small{font-size:15px}.elementor-widget-heading .elementor-heading-title.elementor-size-medium{font-size:19px}.elementor-widget-heading .elementor-heading-title.elementor-size-large{font-size:29px}.elementor-widget-heading .elementor-heading-title.elementor-size-xl{font-size:39px}.elementor-widget-heading .elementor-heading-title.elementor-size-xxl{font-size:59px}<\/style><h2 class=\"elementor-heading-title elementor-size-default\">Directorio de Entidades<\/h2>\t\t<\/div>\n\t\t\t\t<\/div>\n\t\t\t\t<div class=\"elementor-element elementor-element-e13083c elementor-widget elementor-widget-text-editor\" data-id=\"e13083c\" data-element_type=\"widget\" data-widget_type=\"text-editor.default\">\n\t\t\t\t<div class=\"elementor-widget-container\">\n\t\t\t<style>\/*! elementor - v3.14.0 - 26-06-2023 *\/\n.elementor-widget-text-editor.elementor-drop-cap-view-stacked .elementor-drop-cap{background-color:#69727d;color:#fff}.elementor-widget-text-editor.elementor-drop-cap-view-framed .elementor-drop-cap{color:#69727d;border:3px solid;background-color:transparent}.elementor-widget-text-editor:not(.elementor-drop-cap-view-default) .elementor-drop-cap{margin-top:8px}.elementor-widget-text-editor:not(.elementor-drop-cap-view-default) .elementor-drop-cap-letter{width:1em;height:1em}.elementor-widget-text-editor .elementor-drop-cap{float:left;text-align:center;line-height:1;font-size:50px}.elementor-widget-text-editor .elementor-drop-cap-letter{display:inline-block}<\/style>\t\t\t\t<h4><span style=\"color: #c70e0e;\"><b>Superintendencia del Subsidio Familiar<\/b><\/span><\/h4><p><b>Control operacional, Administrativo y financiero<\/b><\/p><p>La Superintendencia del Subsidio Familiar (SSF) es una entidad p\u00fablica adscrita al Ministerio del Trabajo, encargada de ejercer la supervisi\u00f3n, inspecci\u00f3n, el control y la vigilancia sobre las siguientes entidades:<\/p><p>1. Las Cajas de Compensaci\u00f3n Familiar<br \/>2. Las dem\u00e1s entidades recaudadoras y pagadoras del subsidio familiar en cuanto al cumplimiento de este servicio.<br \/>3. Las entidades que constituyan o administren una o varias de las entidades sometidas a su vigilancia, siempre que comprometan fondos del subsidio familiar. La Superintendencia debe preservar la estabilidad, seguridad y confianza del sistema de subsidio familiar para que los servicios sociales, a cargo de las entidades enumeradas, lleguen a la poblaci\u00f3n de trabajadores afiliados y a sus familias bajo los principios de eficiencia, efectividad y solidaridad.<\/p><p><a href=\"https:\/\/www.ssf.gov.co\/\" target=\"_blank\" rel=\"noopener\">www.ssf.gov.co<\/a><\/p><p><strong>Direcci\u00f3n:<\/strong> Carrera 69 No. 25 B &#8211; 44 Piso 3, Bogot\u00e1<br \/><strong>Tel\u00e9fono:<\/strong> (601) 348 77 77 <br \/><strong>Correo electr\u00f3nico:<\/strong> ssf@ssf.gov.co<\/p><p>\u00a0<\/p><h4><span style=\"color: #c70e0e;\">Contralor\u00eda General de la Rep\u00fablica<\/span><\/h4><p><strong>Control fiscal<\/strong><\/p><p>La Contralor\u00eda General de la Rep\u00fablica (CGR) es el m\u00e1ximo \u00f3rgano de control fiscal del Estado. Como tal, tiene la misi\u00f3n de procurar el buen uso de los recursos y bienes p\u00fablicos y contribuir a la modernizaci\u00f3n del Estado, mediante acciones de mejoramiento continuo en las distintas entidades p\u00fablicas.<\/p><p><a href=\"http:\/\/www.contraloria.gov.co\/\" target=\"_blank\" rel=\"noopener\">www.contraloria.gov.co<\/a><\/p><p><strong>Direcci\u00f3n:<\/strong> Carrera 69 No 44 &#8211; 35<br \/><strong>Tel\u00e9fono:<\/strong> (601) 518 7000<br \/><strong>Correo electr\u00f3nico:<\/strong> cgr@contraloria.gov.co<\/p><p>\u00a0<\/p><h4><span style=\"color: #c70e0e;\">Procuradur\u00eda General de la Naci\u00f3n<\/span><\/h4><p><strong>Control disciplinario<\/strong><br \/>La Procuradur\u00eda General de la Naci\u00f3n es la Entidad que representa a los ciudadanos ante el Estado y quien ejerce control disciplinario. Es el m\u00e1ximo organismo del Ministerio P\u00fablico, conformado adem\u00e1s por la Defensor\u00eda del Pueblo y las personer\u00edas.<\/p><p><a href=\"http:\/\/www.procuraduria.gov.co\/\" target=\"_blank\" rel=\"noopener\">www.procuraduria.gov.co<\/a><\/p><p>Direcci\u00f3n: Carrera 5 # 15-80<br \/>Tel\u00e9fono: (601) 587 8750<br \/>Correo electr\u00f3nico: quejas@procuraduria.gov.co<\/p><p>\u00a0<\/p><h4><span style=\"color: #c70e0e;\">Ministerio de Vivienda Ciudad y Territorio<\/span><\/h4><p><strong>Control Financiero y de Gesti\u00f3n<\/strong><\/p><p>El Ministerio de Vivienda, Ciudad y Territorio (Minvivienda) en Colombia es la cabeza del Sector Vivienda, Ciudad y Territorio; tiene como objetivo primordial lograr, en el marco de la ley y sus competencias, formular, adoptar, dirigir, coordinar y ejecutar la pol\u00edtica p\u00fablica, planes y proyectos en materia del desarrollo territorial y urbano planificado del pa\u00eds, la consolidaci\u00f3n del sistema de ciudades, con patrones de uso eficiente y sostenible del suelo, teniendo en cuenta las condiciones de acceso y financiaci\u00f3n de vivienda, y de prestaci\u00f3n de los servicios p\u00fablicos de agua potable y saneamiento b\u00e1sico (entre otros servicios)<\/p><p><a href=\"https:\/\/www.minvivienda.gov.co\/\" target=\"_blank\" rel=\"noopener\">www.minvivienda.gov.co<\/a><\/p><p>Direcci\u00f3n: carrera 6 #8-77 <br \/>Tel\u00e9fono: 3905666<br \/>correspondencia@minvivienda.gov.co<\/p><p>\u00a0<\/p><h4><span style=\"color: #c70e0e;\">Ministerio del Trabajo<\/span><\/h4><p><strong>Funciones de vigilancia y control de cumplimiento de la Normatividad en el orden social<\/strong><\/p><p>El Ministerio de Trabajo fomenta pol\u00edticas y estrategias para la generaci\u00f3n de empleo estable, la formalizaci\u00f3n laboral, la protecci\u00f3n a los desempleados, la formaci\u00f3n de los trabajadores, \u00f1a movilidad laboral, las pensiones y otras prestaciones.<\/p><p><a href=\"https:\/\/www.mintrabajo.gov.co\/\" target=\"_blank\" rel=\"noopener\">www.mintrabajo.gov.co<\/a><\/p><p>Direcci\u00f3n: Carrera 14 # 99-33 piso 6,7,10,11,12 y 13<br \/>Tel\u00e9fono: 3779999<br \/>Correo: solucionesdocumental@mintrabajo.gov.co<\/p><p>\u00a0<\/p><h4><span style=\"color: #c70e0e;\">Ministerio de Salud y protecci\u00f3n Social de Colombia<\/span><\/h4><p><strong>Vigilancia y Control de salud P\u00fablica<\/strong><\/p><p>El Ministerio de Protecci\u00f3n a la Salud P\u00fablica Social es uno de los diecis\u00e9is ministerios del poder ejecutivo de Colombia Es un ente regulador que determina normas y directrices en materia de temas de salud p\u00fablica, asistencia social, poblaci\u00f3n en riesgo y pobreza.<\/p><p><a href=\"https:\/\/www.minsalud.gov.co\/\" target=\"_blank\" rel=\"noopener\">www.minsalud.gov.co<\/a><\/p><p>Direcci\u00f3n: Carrera 13 No. 32-76 piso 1, Bogot\u00e1<br \/>Tel\u00e9fono: 6013305043<br \/>Correo: correo@minsalud.gov.co<\/p>\t\t\t\t\t\t<\/div>\n\t\t\t\t<\/div>\n\t\t\t\t<div class=\"elementor-element elementor-element-bc683fd elementor-widget elementor-widget-heading\" data-id=\"bc683fd\" data-element_type=\"widget\" data-widget_type=\"heading.default\">\n\t\t\t\t<div class=\"elementor-widget-container\">\n\t\t\t<h2 class=\"elementor-heading-title elementor-size-default\">Directorio de Agremiaciones<\/h2>\t\t<\/div>\n\t\t\t\t<\/div>\n\t\t\t\t<div class=\"elementor-element elementor-element-7ef436e elementor-widget elementor-widget-text-editor\" data-id=\"7ef436e\" data-element_type=\"widget\" data-widget_type=\"text-editor.default\">\n\t\t\t\t<div class=\"elementor-widget-container\">\n\t\t\t\t\t\t\t<p><a href=\"https:\/\/www.asocajas.org.co\/\">Asocajas<\/a><\/p><p><a href=\"http:\/\/www.fedecajas.com\/\">Fedecajas<\/a><\/p><p><a href=\"https:\/\/www.enlace-apb.com\/interssi\/.plus\">Asopagos<\/a><\/p><p><a href=\"https:\/\/convenio.cajasinfronteras.com\/Paginas\/default.aspx\">Cajas sin Fronteras<\/a><\/p>\t\t\t\t\t\t<\/div>\n\t\t\t\t<\/div>\n\t\t\t\t\t<\/div>\n\t\t\t\t<\/div>\n\t\t\t\t\t\t\t<\/div>\n\t\t","protected":false},"excerpt":{"rendered":"<p>Directorio de Entidades Superintendencia del Subsidio Familiar Control operacional, Administrativo y financiero La Superintendencia del Subsidio Familiar (SSF) es una entidad p\u00fablica adscrita al Ministerio del Trabajo, encargada de ejercer la supervisi\u00f3n, inspecci\u00f3n, el control y la vigilancia sobre las siguientes entidades: 1. Las Cajas de Compensaci\u00f3n Familiar2. Las dem\u00e1s entidades recaudadoras y pagadoras del &hellip; <\/p>\n<p class=\"link-more\"><a href=\"https:\/\/comfanorte.com.co\/index\/directorio-entidades\/\" class=\"more-link\">Sigue leyendo<span class=\"screen-reader-text\"> \u00abDirectorio de entidades\u00bb<\/span><\/a><\/p>\n","protected":false},"author":1,"featured_media":0,"parent":0,"menu_order":0,"comment_status":"closed","ping_status":"closed","template":"elementor_header_footer","meta":{"footnotes":""},"yoast_head":"<!-- This site is optimized with the Yoast SEO Premium plugin v18.4 (Yoast SEO v20.10) - https:\/\/yoast.com\/wordpress\/plugins\/seo\/ -->\n<title>Directorio de entidades - Comfanorte<\/title>\n<meta name=\"robots\" content=\"index, follow, max-snippet:-1, max-image-preview:large, max-video-preview:-1\" \/>\n<link rel=\"canonical\" href=\"https:\/\/comfanorte.com.co\/index\/directorio-entidades\/\" \/>\n<meta property=\"og:locale\" content=\"es_ES\" \/>\n<meta property=\"og:type\" content=\"article\" \/>\n<meta property=\"og:title\" content=\"Directorio de entidades\" \/>\n<meta property=\"og:description\" content=\"Directorio de Entidades Superintendencia del Subsidio Familiar Control operacional, Administrativo y financiero La Superintendencia del Subsidio Familiar (SSF) es una entidad p\u00fablica adscrita al Ministerio del Trabajo, encargada de ejercer la supervisi\u00f3n, inspecci\u00f3n, el control y la vigilancia sobre las siguientes entidades: 1. Las Cajas de Compensaci\u00f3n Familiar2. Las dem\u00e1s entidades recaudadoras y pagadoras del &hellip; Sigue leyendo \u00abDirectorio de entidades\u00bb\" \/>\n<meta property=\"og:url\" content=\"https:\/\/comfanorte.com.co\/index\/directorio-entidades\/\" \/>\n<meta property=\"og:site_name\" content=\"Comfanorte\" \/>\n<meta property=\"article:modified_time\" content=\"2022-10-12T20:43:44+00:00\" \/>\n<meta name=\"twitter:card\" content=\"summary_large_image\" \/>\n<meta name=\"twitter:label1\" content=\"Tiempo estimado de lectura\" \/>\n\t<meta name=\"twitter:data1\" content=\"3 minutos\" \/>\n<script type=\"application\/ld+json\" class=\"yoast-schema-graph\">{\"@context\":\"https:\/\/schema.org\",\"@graph\":[{\"@type\":\"WebPage\",\"@id\":\"https:\/\/comfanorte.com.co\/index\/directorio-entidades\/\",\"url\":\"https:\/\/comfanorte.com.co\/index\/directorio-entidades\/\",\"name\":\"Directorio de entidades - Comfanorte\",\"isPartOf\":{\"@id\":\"https:\/\/comfanorte.com.co\/index\/#website\"},\"datePublished\":\"2022-09-28T21:11:06+00:00\",\"dateModified\":\"2022-10-12T20:43:44+00:00\",\"breadcrumb\":{\"@id\":\"https:\/\/comfanorte.com.co\/index\/directorio-entidades\/#breadcrumb\"},\"inLanguage\":\"es-CO\",\"potentialAction\":[{\"@type\":\"ReadAction\",\"target\":[\"https:\/\/comfanorte.com.co\/index\/directorio-entidades\/\"]}]},{\"@type\":\"BreadcrumbList\",\"@id\":\"https:\/\/comfanorte.com.co\/index\/directorio-entidades\/#breadcrumb\",\"itemListElement\":[{\"@type\":\"ListItem\",\"position\":1,\"name\":\"Home\",\"item\":\"https:\/\/comfanorte.com.co\/index\/\"},{\"@type\":\"ListItem\",\"position\":2,\"name\":\"Directorio de entidades\"}]},{\"@type\":\"WebSite\",\"@id\":\"https:\/\/comfanorte.com.co\/index\/#website\",\"url\":\"https:\/\/comfanorte.com.co\/index\/\",\"name\":\"Comfanorte\",\"description\":\"Sitio oficial de la Caja de Compensaci\u00f3n Familiar de Norte de Santander\",\"publisher\":{\"@id\":\"https:\/\/comfanorte.com.co\/index\/#organization\"},\"potentialAction\":[{\"@type\":\"SearchAction\",\"target\":{\"@type\":\"EntryPoint\",\"urlTemplate\":\"https:\/\/comfanorte.com.co\/index\/?s={search_term_string}\"},\"query-input\":\"required name=search_term_string\"}],\"inLanguage\":\"es-CO\"},{\"@type\":\"Organization\",\"@id\":\"https:\/\/comfanorte.com.co\/index\/#organization\",\"name\":\"Comfanorte\",\"url\":\"https:\/\/comfanorte.com.co\/index\/\",\"logo\":{\"@type\":\"ImageObject\",\"inLanguage\":\"es-CO\",\"@id\":\"https:\/\/comfanorte.com.co\/index\/#\/schema\/logo\/image\/\",\"url\":\"https:\/\/comfanorte.com.co\/index\/wp-content\/uploads\/2020\/05\/LogoWebsite-300x80-1.png\",\"contentUrl\":\"https:\/\/comfanorte.com.co\/index\/wp-content\/uploads\/2020\/05\/LogoWebsite-300x80-1.png\",\"width\":300,\"height\":80,\"caption\":\"Comfanorte\"},\"image\":{\"@id\":\"https:\/\/comfanorte.com.co\/index\/#\/schema\/logo\/image\/\"}}]}<\/script>\n<!-- \/ Yoast SEO Premium plugin. -->","yoast_head_json":{"title":"Directorio de entidades - Comfanorte","robots":{"index":"index","follow":"follow","max-snippet":"max-snippet:-1","max-image-preview":"max-image-preview:large","max-video-preview":"max-video-preview:-1"},"canonical":"https:\/\/comfanorte.com.co\/index\/directorio-entidades\/","og_locale":"es_ES","og_type":"article","og_title":"Directorio de entidades","og_description":"Directorio de Entidades Superintendencia del Subsidio Familiar Control operacional, Administrativo y financiero La Superintendencia del Subsidio Familiar (SSF) es una entidad p\u00fablica adscrita al Ministerio del Trabajo, encargada de ejercer la supervisi\u00f3n, inspecci\u00f3n, el control y la vigilancia sobre las siguientes entidades: 1. Las Cajas de Compensaci\u00f3n Familiar2. Las dem\u00e1s entidades recaudadoras y pagadoras del &hellip; Sigue leyendo \u00abDirectorio de entidades\u00bb","og_url":"https:\/\/comfanorte.com.co\/index\/directorio-entidades\/","og_site_name":"Comfanorte","article_modified_time":"2022-10-12T20:43:44+00:00","twitter_card":"summary_large_image","twitter_misc":{"Tiempo estimado de lectura":"3 minutos"},"schema":{"@context":"https:\/\/schema.org","@graph":[{"@type":"WebPage","@id":"https:\/\/comfanorte.com.co\/index\/directorio-entidades\/","url":"https:\/\/comfanorte.com.co\/index\/directorio-entidades\/","name":"Directorio de entidades - Comfanorte","isPartOf":{"@id":"https:\/\/comfanorte.com.co\/index\/#website"},"datePublished":"2022-09-28T21:11:06+00:00","dateModified":"2022-10-12T20:43:44+00:00","breadcrumb":{"@id":"https:\/\/comfanorte.com.co\/index\/directorio-entidades\/#breadcrumb"},"inLanguage":"es-CO","potentialAction":[{"@type":"ReadAction","target":["https:\/\/comfanorte.com.co\/index\/directorio-entidades\/"]}]},{"@type":"BreadcrumbList","@id":"https:\/\/comfanorte.com.co\/index\/directorio-entidades\/#breadcrumb","itemListElement":[{"@type":"ListItem","position":1,"name":"Home","item":"https:\/\/comfanorte.com.co\/index\/"},{"@type":"ListItem","position":2,"name":"Directorio de entidades"}]},{"@type":"WebSite","@id":"https:\/\/comfanorte.com.co\/index\/#website","url":"https:\/\/comfanorte.com.co\/index\/","name":"Comfanorte","description":"Sitio oficial de la Caja de Compensaci\u00f3n Familiar de Norte de Santander","publisher":{"@id":"https:\/\/comfanorte.com.co\/index\/#organization"},"potentialAction":[{"@type":"SearchAction","target":{"@type":"EntryPoint","urlTemplate":"https:\/\/comfanorte.com.co\/index\/?s={search_term_string}"},"query-input":"required name=search_term_string"}],"inLanguage":"es-CO"},{"@type":"Organization","@id":"https:\/\/comfanorte.com.co\/index\/#organization","name":"Comfanorte","url":"https:\/\/comfanorte.com.co\/index\/","logo":{"@type":"ImageObject","inLanguage":"es-CO","@id":"https:\/\/comfanorte.com.co\/index\/#\/schema\/logo\/image\/","url":"https:\/\/comfanorte.com.co\/index\/wp-content\/uploads\/2020\/05\/LogoWebsite-300x80-1.png","contentUrl":"https:\/\/comfanorte.com.co\/index\/wp-content\/uploads\/2020\/05\/LogoWebsite-300x80-1.png","width":300,"height":80,"caption":"Comfanorte"},"image":{"@id":"https:\/\/comfanorte.com.co\/index\/#\/schema\/logo\/image\/"}}]}},"_links":{"self":[{"href":"https:\/\/comfanorte.com.co\/index\/wp-json\/wp\/v2\/pages\/24047"}],"collection":[{"href":"https:\/\/comfanorte.com.co\/index\/wp-json\/wp\/v2\/pages"}],"about":[{"href":"https:\/\/comfanorte.com.co\/index\/wp-json\/wp\/v2\/types\/page"}],"author":[{"embeddable":true,"href":"https:\/\/comfanorte.com.co\/index\/wp-json\/wp\/v2\/users\/1"}],"replies":[{"embeddable":true,"href":"https:\/\/comfanorte.com.co\/index\/wp-json\/wp\/v2\/comments?post=24047"}],"version-history":[{"count":19,"href":"https:\/\/comfanorte.com.co\/index\/wp-json\/wp\/v2\/pages\/24047\/revisions"}],"predecessor-version":[{"id":24435,"href":"https:\/\/comfanorte.com.co\/index\/wp-json\/wp\/v2\/pages\/24047\/revisions\/24435"}],"wp:attachment":[{"href":"https:\/\/comfanorte.com.co\/index\/wp-json\/wp\/v2\/media?parent=24047"}],"curies":[{"name":"wp","href":"https:\/\/api.w.org\/{rel}","templated":true}]}}